b) = b + 3. Calculate r(p).
-3
Let k(t) = -t**2 + 10*t + 3*t - 13*t + 0*t**2 + 7. Give k(0).
7
Suppose v - 63 = -2*v - 3*r, 2*r = 2. Let m be (v/12)/((-3)/27). Let s be 3*(35/m - 0). Let d(f) = f + 12. Calculate d(s).
5
Let j = -24 + 22. Let d(g) = 3*g**2 - 1. Let f(b) = b**3 - 11*b**2 + 2*b + 5. Let a(o) = 4*d(o) + f(o). Determine a(j).
-7
Suppose 6*m - 5*m = -1, a - 2 = 4*m. Let l(v) = -3*v**3 + 6 - 5*v**2 - 8 - 4*v + 2*v**2. Give l(a).
18
Let o(l) = -l + 2 - 6*l**2 - 1 + l**3 + 0*l**3 - 6*l. Suppose 3*f = 4*u - 191, -22 = -u - 2*f + 12. Suppose 5*z = u - 9. Give o(z).
1
Let c be 30/5 - (1 - 1). Let b be (-2)/c*(0 - -51). Let z = b + 15. Let l(f) = f**3 + 4*f**2 + 3*f + 1. Give l(z).
3
Let m(x) = -2*x - 49. Let y(w) = -8. Let f(l) = m(l) - 6*y(l). Give f(-1).
1
Let w(r) = 17*r**2 + 3*r - 1. Let s(y) = 14*y**2 + 4*y - 1. Let x(z) = -4*s(z) + 5*w(z). Determine x(-1).
29
Let l = 15 - 6. Let x(i) = 45*i. Let u(z) = 11*z. Let v(p) = l*u(p) - 2*x(p). Let y = -9 + 10. Calculate v(y).
9
Let f(c) be the second derivative of 0 - 1/24*c**4 + 1/2*c**3 - c + 3*c**2. Let o(b) be the first derivative of f(b). What is o(4)?
-1
Let o(x) = -x**3 + 4*x**2 + 7*x - 5. Let t = 7 - 20. Let q = 13 - -5. Let c = t + q. Give o(c).
5
Let k be (6 + 24/(-5))*(-5)/(-2). Let c(n) = -5*n**2 + n - 2. Let d(b) = -22*b**2 + 5*b - 9. Let o(p) = 9*c(p) - 2*d(p). Determine o(k).
-12
Let h(r) = -2490*r - 7*r**2 + 2484*r + 2*r**3 + 3*r**3 - 7 + 0*r**3 - 4*r**3. What is h(7)?
-49
Let v(c) = 9*c**3 + c**2 - 7*c - 8. Let x(b) = -7*b**3 + b**2 + 6*b + 9. Let y(u) = -4*v(u) - 5*x(u). Give y(-9).
5
Let g(m) = m**2 + m + 2. Let n(a) = 7*a**2 - 8*a + 4. Let t(i) = -2*g(i) + n(i). What is t(4)?
40
Let r(x) = x**2 + 4*x - 3. Let u(b) = -b**3 - 28*b**2 - 53*b - 31. Let f be u(-26). Calculate r(f).
2
Let v(f) be the third derivative of f**6/120 - f**5/6 + f**4/3 + f**3 + 90*f**2. Determine v(9).
-3
Suppose -10*d + 103 - 23 = 0. Let g(f) = -f - 5. Give g(d).
-13
Let i(l) = l**3 + 4*l + 18*l**2 - 27*l**2 + 4*l**2 - 6. Calculate i(4).
-6
Let g(a) = 7*a**3 + 16*a**2 - 11*a + 17. Let s be 40/(-16) - (-2)/4. Let t(i) = -3*i**3 - 8*i**2 + 6*i - 9. Let w(f) = s*g(f) - 5*t(f). What is w(-9)?
2
Let r(m) = -m**3 + 9*m**2 - 10*m + 3. Suppose -2*n + 16 = -0*n. What is r(n)?
-13
Let m be 6/(-2)*(-10 - (-169)/39). Let h(b) = -b**2 + 16*b + 5. Calculate h(m).
-12
Let m(x) be the first derivative of -x**3 - x**2/2 - 56. Calculate m(-2).
-10
Let s be 161/28 + ((-1)/1)/(-4). Let u(o) = -o**2 + 9*o - 14. Give u(s).
4
Suppose 2*u = 5*c + 11, c - 1 = -2. Let d(i) be the first derivative of 1 + 0*i**2 + 3/4*i**4 + 1/3*i**u - i. Calculate d(1).
3
Let z = 0 - 0. Let l(r) = r - 128. Let d(q) = 13. Let i(w) = -8*d(w) - l(w). Give i(z).
24
Let a(p) = 7*p**3 - 10*p**2 + 20*p + 14. Let w(b) = b**3 + b**2 + b - 1. Let y(s) = -a(s) + 6*w(s). Determine y(15).
-5
Let j = -114 - -128. Let i be (j*(-3)/(-24))/(1/4). Let o(a) = -a + 4. Calculate o(i).
-3
Suppose 30 = -2*g + 8*g. Let o = -8 - -11. Let u(h) = 5*h**2 + 3*h**3 + 3*h**o + h - 5 - h**3 - 6*h**3. Calculate u(g).
0
Let v = 25 + -8. Suppose 1 - v = -4*h. Let x(j) = -j + 3*j**2 + 0*j**2 - 2*j**2. Give x(h).
12
Let i(q) be the first derivative of -3*q**2 + 8*q + 595. What is i(-2)?
20
Let i(s) = 11 - s**2 + 1 - 15 + 5*s - 3 + s. What is i(5)?
-1
Let d be 8/(-6)*486/(-36). Let o(b) = -b**2 + 19*b - 15. Calculate o(d).
3
Let q = 64 + -53. Suppose -7 = p - q. Let x(z) = -z**3 + 4*z**2 + 5. Give x(p).
5
Suppose -3*s = 4*t - 25, -2*s + 15 = -s - 2*t. Let b(c) = -14*c**2 + 2*c - 14. Let p(q) = -5*q**2 + q - 5. Let x(l) = s*p(l) - 4*b(l). Calculate x(-4).
5
Let g be ((-2)/4)/(1/(-6)). Let y(v) = 78195 - 2*v**2 - 4*v + v**3 - 39096 - 39100. Give y(g).
-4
Let y(k) be the second derivative of 0 - 1/6*k**3 - 1/12*k**4 + 5*k - 2*k**2. Determine y(3).
-16
Let d(s) be the second derivative of s**4/12 - 5*s**3/6 - 3*s**2/2 - 529*s. Give d(6).
3
Let y(r) = r - 8. Suppose 41*h - 37*h = 12. Give y(h).
-5
Let x(h) = -h**3 - 5*h**2 - 4*h + 1. Let a = 53 + -17. Suppose -a = 16*f + 28. Give x(f).
1
Suppose -3*q - 5*m - 12 + 71 = 0, 5*q - 57 = 2*m. Let c(u) = u + 0 + 2 - q. Let f be (-2 + 1)/(2/(-10)). What is c(f)?
-6
Let m(w) = -5*w - 4. Suppose -8*h - h = -36. Give m(h).
-24
Let q be -2*3/15*10. Let k(f) = -12*f**3 + f**2 - f + 17. Let t(a) = 5*a**3 - a**2 - 8. Let z(s) = 3*k(s) + 7*t(s). Calculate z(q).
7
Let u(c) = c**2 + 107 - 54 - 58 + 6*c + c. What is u(-4)?
-17
Let j(m) be the third derivative of m**4/24 + 13*m**3/6 - 331*m**2. What is j(-12)?
1
Let g(x) = -29*x**2 - 12*x + 7 - 10*x + 19*x + 27*x**2. Determine g(5).
-58
Let x(p) = p + 8. Let q be x(-4). Suppose -q*l + 6 = -5*t, t + 3*t + 5*l - 28 = 0. Let m(k) = -k**3 + k**2 - k + 1. Calculate m(t).
-5
Let u(p) = 2*p. Let g(q) = q - 5. Let y be g(15). Suppose 3*r + 21 = y*r. Calculate u(r).
6
Suppose 5*d - 10 = 3*d. Let t be ((-2)/(-4))/(d/(-10)). Let p be -9*(t - 5/(-15)). Let n(k) = k**3 - 5*k**2 - 8*k + 8. Give n(p).
-4
Let q(u) = u**2. Let s be q(1). Let b = 25 + s. Suppose 22*p - b*p = -8. Let r(c) = -c**3 + 2*c**2 - 3*c + 1. Determine r(p).
-5
Let u = -52 - -28. Let p be (-2)/(u/15 - -2). Let c(t) = -t - 5. Let h be c(p). Let b(m) = -m - 4. Determine b(h).
-4
Let i(r) = 5*r + 0 + 2 - 3*r. Let w(x) = x**2 - 6*x + 5. Let q be w(5). Suppose -2*g + 5*o = 21, 0*g - 2*g - o + 9 = q. Calculate i(g).
6
Suppose -3*y + 5*h = -6*y + 201, -5*h - 233 = -4*y. Suppose 0 = -2*m + 3*g - 27, 5*g - y = 5*m - 7. Let z(v) = -v**3 - 7*v**2 - 8*v - 8. Give z(m).
4
Let a(d) = 5 + 7453*d**3 - 4*d**2 + 4*d**2 - 7452*d**3. Suppose 2*l + l = 6. Suppose -4*m + 0*s = -l*s + 2, -4*s + 4 = -3*m. Determine a(m).
5
Let c be (-55)/10*(-4)/(-2) + 4. Let m(l) = -l**2 - 5*l + 5. Give m(c).
-9
Let r(c) be the second derivative of c**3/6 - 5*c**2 - 2*c. Let y be (272/(-85))/((-8)/20). Calculate r(y).
-2
Let n(r) = -11*r**3 - 17*r**2 - r - 11. Let x(g) = 5*g**3 + 8*g**2 + 5. Let c(j) = -4*n(j) - 9*x(j). Let u be ((-3)/((-36)/(-15)))/(8/32). Give c(u).
4
Let t(x) = -60*x**3 + 2*x**2 - 1. Let f be 56/(-40) + 2/5. What is t(f)?
61
Let c(b) = -23*b**3 - 7*b**2 + 2*b + 4. Let a(v) = -21*v**3 - 8*v**2 + 2*v + 5. Let q(h) = -5*a(h) + 6*c(h). Calculate q(1).
-34
Let g(h) = 3*h**2 + h - 1. Let x(u) = u**2 - 29. Let k be x(-6). Suppose -4 = -5*r - 2*a, -3*r + 2*a = k*a + 9. Calculate g(r).
13
Let o(q) = -3*q**2 - 2*q + 1. Let g(d) = -2*d**2 - d. Let c(r) = -4*g(r) + 3*o(r). Determine c(-6).
-21
Let t(r) = -5*r + 1. Let n(i) = -11*i + 3. Let p(x) = 4*n(x) - 9*t(x). Suppose -72 = -11*v + 29*v. Give p(v).
-1
Let v(d) = d**3 - 7*d**2 + 7*d - 7. Let u be v(6). Let w = 9 + u. Let c(b) = w + 9 + b - 7. What is c(0)?
10
Let h(i) be the third derivative of -i**6/120 + 7*i**5/60 - 5*i**4/12 + 4*i**3/3 + 534*i**2 + i. Give h(5).
8
Suppose 9*t = 5*t + 3*t. Suppose b - 2*b + 5*q = -3, b - q - 3 = t. Let o(f) = -4 + 0*f**2 - f**3 + 2*f**2 - 2*f + 7. Give o(b).
-12
Let n(m) = -68 + 9*m - m + 65 - m**2. Let z = -41 + 49. Determine n(z).
-3
Let d(v) = -v**3 + 3*v**2 + v - 1. Let g be d(3). Suppose g*k = 5*o + 4*k + 26, -3*k - 9 = 0. Let f(w) = -5*w + 0*w + 4*w - 7. Give f(o).
-3
Let g(c) = 17*c - 8 - 17*c - 3*c**2 + 7. Calculate g(-1).
-4
Suppose 4*u + 22 = -3*h, -3 = -3*u - 4*h - 16. Let w = u + 20. Let i = 20 - w. Let y(k) = -k**2 + 5*k + 6. Determine y(i).
-8
Let z(f) = 2*f - 3. Suppose 78*m + 88 - 10 = 0. Give z(m).
-5
Let i(n) = -9*n + 2*n + 5 + 5*n + n + 4. Give i(11).
-2
Let z be (-3)/(((-9)/6)/3). Suppose 3*j - 4*u = 4*j + 14, 5*j + u = z. Let i(f) = f**3 - 2*f**2 + 2*f - 3. Calculate i(j).
1
Let b = -2/375 - -43/250. Let r(f) be the third derivative of 0*f + 0*f**5 + 1/24*f**6 - 5*f**2 + b*f**3 + 1/24*f**4 + 0. Calculate r(-1).
-5
Let y = 6 + -12. Let h(k) = 4*k + 12. Let w(x) = -x - 3. Let o(n) = 6*h(n) + 26*w(n). Give o(y).
6
Let v be 6 + (-6)/12*6. Suppose 29 = 5*r + 4. Let z(h) = -4 + r - v*h + 2*h + 1. Give z(7).
-5
Let m(n) = -4*n**2 - 14*n + 8. Let c(a) = -13*a**2 - 43*a + 24. Let t(j) = -2*c(j) + 7*m(j). Let z be t(-7). Let w(x) = -x**2 - 5*x + 7. Determine w(z).
1
Let k(w) = -w - 10. Let o be (90/25)/(8/140). Suppose o = -8*v + 7. Determine k(v).
-3
Suppose o - 4*o = -v - 2, -4*o - 2*v - 4 = 0. Let y(f) = -f**2 - 6*f - 6. Let r be y(-4). Let j(h) = 4*h**r - 2 - h - 2*h**2 - 